by 144?
37
Suppose 0 = -35*x + 31*x + 44. Suppose 5*g - 571 = -4*b, 0*b - b + 2*g + 133 = 0. Let h = -99 + b. Calculate the remainder when h is divided by x.
7
Let b = -618 + 989. Let c = -49 - -83. Calculate the remainder when b is divided by c.
31
Let l(g) = -g + 1. Let w be l(-1). Suppose 3*v + 0*v = 18. What is the remainder when (v + (-59)/w)/((-2)/4) is divided by 7?
5
Suppose -120*c + 56126 = -46834. What is the remainder when c is divided by 32?
26
Let j = 41 - 24. Let a = j + -3. Calculate the remainder when 6*(-2)/(-54) + 698/18 is divided by a.
11
Let r = -10922 + 11106. Calculate the remainder when 2757 is divided by r.
181
Let p(c) = 3*c**2 + 7*c + 6. Let x be p(-2). Suppose 4*o = -2*y + 88, -x*y = o - 97 - 107. What is the remainder when y is divided by 14?
10
Suppose -13*v - 6 = 6*v - 462. What is the remainder when 15/(-60) + (-922)/(-8) is divided by v?
19
Let i(k) = k**3 + 3*k**2 - 5*k + 2. Let a be i(1). Let h be (-16)/(-3)*(306/(-12))/a. Let n = -66 - h. Calculate the remainder when n is divided by 24.
22
Let n(z) = -26*z**3 + 3*z**2 + 4*z - 14. Let p be n(3). Let o = -378 - p. Calculate the remainder when o is divided by 60.
59
Let i be ((2432 - -2) + -1)*8/12. Let n = i - 870. Suppose 8*o - 664 = n. Calculate the remainder when o is divided by 30.
27
What is the remainder when 862 is divided by ((-2)/(-6))/((-51165)/6399 + 8)?
72
Suppose 4*f - 52 = 8*f. Let x = 17 + f. Suppose 2*m - 33 = -0*m + l, 0 = -3*m + l + 47. What is the remainder when m is divided by x?
2
Suppose -22*f = -9*f - 637. Let d = -58 - -93. What is the remainder when f is divided by d?
14
Suppose t + 2 - 4 = 0. Suppose -r = -a + r + 25, -2*a - t*r = -38. Calculate the remainder when a is divided by (-5 + -23)*24/64*2/(-3).
0
Suppose -2*l + 68 + 64 = 0. Calculate the remainder when l is divided by 56/10*(-540)/(-63).
18
Suppose 18*n + 1565 = 4121. Let f = n - 84. What is the remainder when f is divided by 5?
3
Let v = -154 + 150. What is the remainder when 18 is divided by 7 + 2*5/20*v?
3
Calculate the remainder when 74 is divided by (-390)/40*(1 - 57/9).
22
Suppose x - 120 = p, -822 = -7*x - 5*p + 3*p. Calculate the remainder when 317 is divided by x.
81
Let c = 248 + -149. Let j = c - 48. Suppose 4*n - 5*f = 64, -12 = 2*f - 4. Calculate the remainder when j is divided by n.
7
Let w(d) = d**3 + 4*d**2 - 3*d + 13. Let l be w(-5). Let j(b) = 5*b - 2 - 3 + 0*b. What is the remainder when 27 is divided by j(l)?
7
Suppose y = -1, -3*a + 0*y - y = -68. Suppose -4*u = -4*l + 40, -5*l + a = -4*u - 22. What is the remainder when 123/5 + 3*(-1)/l is divided by 13?
11
Let w(t) = 45*t - 86. Let n be w(2). Suppose 0 = 3*z - i - 135, 2*z - 53 = -n*i + 37. What is the remainder when z is divided by 34?
11
Suppose 204*d = 25*d + 351735. What is the remainder when d is divided by 24?
21
Suppose -20*q + 171 + 229 = 0. Suppose 29*z = 30*z - q. What is the remainder when z is divided by 9?
2
Let z = -6982 - -7086. What is the remainder when z is divided by 51?
2
Let v = -210 + 216. Calculate the remainder when 20 is divided by (-208)/(-24) + v/(-9).
4
Let d(l) = -56*l - 6. Let p be d(-5). Suppose -2*x + 776 = 2*z, 4*z - 3*x - 870 - 661 = 0. Let a = z - p. Calculate the remainder when a is divided by 38.
35
Let f(v) = 6*v**3 - 9*v**2 - v + 14. Calculate the remainder when 6606 is divided by f(0).
12
Let q = 50 - 42. Let f(y) = 5*y - 29. Suppose 0 = 5*h - 3*u - 45, -19 = -3*h + h + u. Calculate the remainder when f(h) is divided by q.
7
What is the remainder when 687 is divided by (564/132 + -3)/(2/22)?
1
Suppose -5*m = 4*a + 440, -2*a + 13*m - 17*m = 226. Calculate the remainder when 55 is divided by a/14*(0 + 6/(-5)).
1
Suppose -5*v = -172 - 113. Suppose v*g + 796 = 5128. What is the remainder when 606 is divided by g?
74
Let s = 34869 - 34154. What is the remainder when s is divided by 82?
59
Let t be (1/(-3))/(9/(-27)). Let d = 60 - 17. What is the remainder when d is divided by (5 + 0)*t/1?
3
Let t(l) = 12*l + 175. Let r be t(-15). Calculate the remainder when 200 is divided by (36 - r)*6*(-6)/(-36).
36
Let b(c) = 3*c + 13. Let a = 15 - 19. Let s be b(a). Let h(i) = 66*i + 1. Calculate the remainder when h(s) is divided by 35.
32
Let t(u) = 10 - u**2 - 8 + 5*u**2 - 5*u. Let d(k) = k**3 + 9*k**2 - 11*k + 4. Let i(j) = 3*d(j) - 7*t(j). What is the remainder when 9 is divided by i(1)?
1
Let s(z) = 2*z**2 + 4*z. Let a be s(5). Suppose 0 = 4*b + b - a. Suppose 3*w - w - 5*i = b, 0 = -3*w - 3*i + 42. What is the remainder when 45 is divided by w?
9
Calculate the remainder when (3 - 5)*(-727)/2 is divided by (-318)/(-103509)*93 + (502/7 - -1).
70
Suppose -25*h - 3*h + 4760 = 1344. Calculate the remainder when 215 is divided by h.
93
Let b(q) = 11*q**2 - 2*q + 2. Suppose 0 = 4*f - 2*f - 2. Suppose -2*a - 3*w - 2*w + 70 = 0, -98 = -3*a - 4*w. What is the remainder when a is divided by b(f)?
8
Let f = 394 - 250. Let r = f + -71. What is the remainder when r is divided by 13?
8
Let p(w) = w**3 - 2*w**2 + w - 1. Calculate the remainder when 59 is divided by p(4).
24
Let l(v) = 3*v**3 - 28*v**2 + 8*v + 21. Suppose 0 = 5*x - 4*w - 512, -4*w + 94 + 294 = 4*x. Let j = x - 67. Calculate the remainder when j is divided by l(9).
9
Let h = -168 - -88. What is the remainder when 4*(-5)/(h/196) is divided by 3*((-8)/(-6) + 2)?
9
Suppose 5*z + 18 = 8. Let o be (10/z)/(2/(-74)). Suppose -o = -3*l - 32. What is the remainder when l is divided by 14?
9
Suppose -103*t = -100*t - 6. Suppose 7*o - 3*o = 3*n + 52, -t*o = -4*n - 26. What is the remainder when 44 is divided by o?
5
Let b(j) = j**3 + 2*j**2 + 5*j + 1. Let l be b(0). Calculate the remainder when 125 is divided by 25 - l - (-6 + 6 - -5).
11
Let d(x) = 7*x - 38. Let s be d(6). Let f(k) = 0*k - s*k + 15 + 3 + 3*k. What is the remainder when 50 is divided by f(5)?
11
Suppose 3*n - 5*o - 39 = 0, -2*n + 6*o + 26 = 9*o. Calculate the remainder when 43 + -2 - (-28)/(7 - 0) is divided by n.
6
Let h = -1338 - -1695. Calculate the remainder when h is divided by 121.
115
Suppose 56546 - 1499 = 17*u - 179485. What is the remainder when u is divided by 23?
19
Let d(f) = f**3 + 16*f**2 + 41*f + 140. Calculate the remainder when d(-11) is divided by 54.
24
Suppose 4*v = 3*v + 7. Let p be (342/21)/6 + (-4)/(-14). Suppose -4*k + 2 = -3*b + 7, p*k + 9 = 4*b. What is the remainder when v is divided by k?
0
Suppose 39*r + 2*r = 7667. Calculate the remainder when r is divided by 41.
23
Suppose 20*o + 58 - 238 = 0. Let s(n) = 6*n - 28. Calculate the remainder when s(o) is divided by 14.
12
Let f(y) be the second derivative of -y**3/2 - 9*y**2 - 2*y - 12. What is the remainder when f(-21) is divided by 4?
1
Let w(n) = -n**3 - n**2 + n + 96. Suppose -l + 5*q = 2*l - 205, 0 = 2*l + q - 128. Suppose 0 = 2*r - 1 - l. Calculate the remainder when w(0) is divided by r.
30
Calculate the remainder when 3492 is divided by 2*114/24*(2 - 0).
15
Let c = -16365 - -16313. Let s(p) = -7*p**3 - 5*p**2 - 2*p + 3. Let w be s(-3). Let f = c + w. Calculate the remainder when f is divided by 17.
16
Suppose -3*p = -4*l + 385, 5*p = -5*l + 107 + 383. What is the remainder when l is divided by (27/(-45))/(126/105) - 82/(-4)?
17
Let x = 118 - 106. What is the remainder when x is divided by 402/134*(-2)/(-2)?
0
Let z(a) = 52*a**3 + a**2 - 11*a + 9. What is the remainder when z(2) is divided by 68?
67
Suppose -6*a = -673 + 673. Suppose 5*y - 335 + 110 = a. What is the remainder when y is divided by 14?
3
Let b = -60 - -63. Suppose 0 = -3*o + 2 - 17, b*f + 2*o = 3020. Suppose 12*k - f = 82. Calculate the remainder when k is divided by 23.
22
Let c = -143 - -153. Let v(i) = -i**3 + 10*i**2 + 17*i + 4. Suppose -5*z + 169 = -2*b, 3*z - 3*b + 70 = 166. What is the remainder when v(c) is divided by z?
34
Let z = 3822 + -3585. What is the remainder when z is divided by 30?
27
Let w(p) = p**2 + 4*p + 4. Let k = -404 - -338. What is the remainder when -1 - -1 - (-22 - -18) - k is divided by w(-5)?
7
Suppose 13*n - 26 = -5*i + 9*n, 0 = -i + n - 2. Let m(l) = 57*l**2 - 3*l. What is the remainder when m(i) is divided by 9?
6
What is the remainder when 55 is divided by (424 + -423)*(3 - (1 + -2))?
3
Suppose 0 = -5*y + 5*r + 1480, 27*r - 23*r = -8. Let s = y + -276. Calculate the remainder when 